False
Does 57 divide 3919183542?
True
Is 108207818 a multiple of 10?
False
Is 12 a factor of 22747136?
False
Is 843 a factor of 6399213?
True
Is 4606 a factor of 128988366?
False
Does 156 divide 36237240?
True
Is 579 a factor of 60223533?
False
Is 2 a factor of 1560730299?
False
Does 295 divide 642578408?
False
Is 160023 a multiple of 41?
True
Is 190307674 a multiple of 6028?
False
Is 596 a factor of 43374496?
True
Does 80 divide 517126315?
False
Is 18 a factor of 758170636?
False
Does 817 divide 124360124?
False
Is 441281911 a multiple of 64?
False
Is 2233 a factor of 980443310?
True
Does 10 divide 145684540?
True
Does 7 divide 15329251?
True
Is 5 a factor of 40552520?
True
Is 8 a factor of 351634496?
True
Is 25 a factor of 37019894?
False
Does 42 divide 721813932?
True
Is 575174815 a multiple of 10?
False
Does 111 divide 453375455?
False
Is 3205 a factor of 90476561?
False
Is 48 a factor of 398095040?
False
Is 827738622 a multiple of 153?
False
Is 226 a factor of 76118930?
False
Is 193068064 a multiple of 2044?
True
Is 11 a factor of 47145725?
True
Is 24034517 a multiple of 713?
True
Is 542 a factor of 95223438?
True
Is 1912 a factor of 258705072?
True
Is 6986 a factor of 19411542?
False
Does 4 divide 546836760?
True
Does 4655 divide 975670552?
False
Is 1661 a factor of 111208852?
False
Is 164 a factor of 465576976?
True
Does 158 divide 240048536?
False
Is 27379620 a multiple of 324?
True
Does 33 divide 769375544?
False
Does 46 divide 292539272?
False
Is 9941323 a multiple of 4?
False
Does 68 divide 451821134?
False
Does 50 divide 729866550?
True
Is 18429022 a multiple of 90?
False
Does 244 divide 795339472?
True
Is 561174042 a multiple of 1221?
True
Does 2252 divide 680450808?
True
Does 40 divide 187824398?
False
Is 2867499 a multiple of 171?
True
Is 3133 a factor of 628642716?
True
Is 1547 a factor of 42377511?
False
Is 2482728174 a multiple of 18?
True
Is 167 a factor of 16684250?
False
Does 14 divide 59304602?
True
Is 34917677 a multiple of 1291?
True
Does 58 divide 15246808?
True
Is 72 a factor of 42097320?
True
Is 2 a factor of 10609757?
False
Is 6741 a factor of 770226812?
False
Is 28378223 a multiple of 72?
False
Is 53 a factor of 5065237189?
True
Is 81304187 a multiple of 21?
False
Is 5 a factor of 505258670?
True
Is 100484976 a multiple of 46?
True
Is 11671275 a multiple of 1155?
True
Is 98976844 a multiple of 52?
False
Is 76 a factor of 2931050428?
True
Is 21 a factor of 823458645?
False
Does 27 divide 1377045589?
False
Is 11 a factor of 4101259534?
False
Is 521 a factor of 516799698?
True
Does 13 divide 141737059?
False
Is 15 a factor of 413018265?
True
Is 7895793 a multiple of 59?
True
Is 30 a factor of 533574990?
True
Does 969 divide 16214277?
True
Is 4 a factor of 1721680?
True
Is 85932521 a multiple of 114?
False
Is 31414873 a multiple of 2286?
False
Is 13585781 a multiple of 5?
False
Is 15 a factor of 25548645?
True
Is 4 a factor of 12723213?
False
Is 3194614195 a multiple of 658?
False
Is 1328 a factor of 1965871600?
True
Does 97 divide 56724430?
False
Is 260 a factor of 280645368?
False
Is 113 a factor of 3805220?
False
Is 21 a factor of 1571885553?
True
Is 83 a factor of 843274344?
False
Is 323 a factor of 675665780?
False
Is 30900852 a multiple of 5?
False
Is 590600919 a multiple of 1433?
True
Is 120531745 a multiple of 3755?
True
Is 107495980 a multiple of 922?
True
Does 79 divide 2442177194?
False
Does 535 divide 151860285?
True
Is 376 a factor of 139206132?
False
Is 336 a factor of 809009376?
True
Does 150 divide 262182450?
True
Is 117445168 a multiple of 1437?
False
Is 6878963 a multiple of 91?
True
Does 60 divide 289987?
False
Does 257 divide 979322658?
True
Is 97 a factor of 2182403?
True
Is 942 a factor of 116919113?
False
Is 303 a factor of 177574059?
True
Is 694995153 a multiple of 411?
False
Is 65927568 a multiple of 14?
True
Does 5 divide 32530021?
False
Is 14 a factor of 36959238?
False
Is 1544 a factor of 207749832?
True
Is 146122214 a multiple of 98?
True
Does 6 divide 241649436?
True
Is 3099195 a multiple of 45?
True
Does 135 divide 332778818?
False
Is 55 a factor of 58298350?
True
Is 884515 a multiple of 122?
False
Does 14 divide 213108313?
False
Is 747 a factor of 27422370?
True
Is 56131382 a multiple of 17?
True
Is 3784049625 a multiple of 75?
True
Is 12 a factor of 46588332?
True
Does 9 divide 10113102?
True
Does 14 divide 7745136?
True
Does 24 divide 67040328?
True
Is 4 a factor of 6483900?
True
Is 372100638 a multiple of 489?
True
Is 1479 a factor of 336576030?
True
Does 244 divide 967555892?
True
Does 466 divide 3569560?
True
Is 2853560766 a multiple of 98?
True
Is 10423715 a multiple of 603?
False
Is 324959432 a multiple of 38?
True
Does 1280 divide 824346880?
True
Is 11 a factor of 645284607?
True
Is 11557240 a multiple of 540?
False
Is 18431520 a multiple of 570?
True
Is 53539527 a multiple of 8?
False
Does 3 divide 80692283?
False
Is 29525652 a multiple of 117?
True
Is 11 a factor of 194382460?
False
Does 97 divide 26372361?
False
Is 158 a factor of 418580868?
True
Is 178727007 a multiple of 1349?
False
Is 482 a factor of 368222936?
True
Does 2 divide 11356771?
False
Is 14194958 a multiple of 2?
True
Is 4907343061 a multiple of 241?
False
Is 17 a factor of 5333327?
False
Does 115 divide 2207927320?
True
Does 381 divide 3360930333?
False
Does 183 divide 842308?
False
Is 1292 a factor of 236475458?
False
Is 3568387440 a multiple of 47?
False
Is 344984068 a multiple of 484?
True
Is 149463346 a multiple of 1501?
False
Does 2459 divide 154852897?
False
Is 151581360 a multiple of 207?
False
Does 198 divide 275657142?
False
Is 771 a factor of 1467161692?
False
Is 680652 a multiple of 222?
True
Is 582976 a multiple of 64?
True
Does 663 divide 516942426?
True
Does 27 divide 124453179?
True
Does 762 divide 532010112?
True
Does 312 divide 7949136?
True
Is 17684585 a multiple of 18?
False
Does 260 divide 206162060?
True
Does 1362 divide 16659480?
False
Is 20614144 a multiple of 328?
True
Is 1040 a factor of 296679760?
True
Does 7 divide 66278273?
False
Does 11439 divide 888547203?
True
Is 33981800 a multiple of 25?
True
Is 263377278 a multiple of 1026?
True
Is 13 a factor of 1148216898?
False
Is 84 a factor of 2618156789?
False
Is 33 a factor of 770767206?
True
Is 30 a factor of 35372962?
False
Is 855834481 a multiple of 1732?
False
Does 14 divide 76655278?
True
Is 50 a factor of 654950?
True
Is 10 a factor of 172573570?
True
Does 111 divide 43497765?
False
Is 1333 a factor of 13070065?
True
Is 22 a factor of 8674935?
False
Does 46 divide 68811580?
False
Does 35 divide 462684530?
True
Does 31 divide 29326927?
False
Is 85835015 a multiple of 2758?
False
Is 781 a factor of 23178518?
True
Is 15 a factor of 33173428?
False
Is 174524866 a multiple of 7?
False
Does 349 divide 1820760916?
False
Is 109151704 a multiple of 114?
False
Is 45 a factor of 211058964?
False
Does 21 divide 146056386?
True
Does 6929 divide 443160414?
False
Does 2210 divide 7680591?
False
Is 147768318 a multiple of 764?
False
Is 116039740 a multiple of 20?
True
Is 13640227 a multiple of 313?
True
Is 4164056482 a multiple of 1224?
False
Is 29182688 even?
True
Is 92 a factor of 58856632?
True
Is 34949543 a multiple of 4?
False
Does 3 divide 375129780?
True
Does 189 divide 1016598194?
False
Does 22 divide 17589594?
True
Is 2076411090 a multiple of 130?
True
Does 9 divide 437959809?
True
Does 101 divide 17812158?
True
Does 15 divide 475012185?
True
Is 41 a factor of 10318635?
False
Does 57 divide 859172620?
False
Is 9 a factor of 44363775?
False
Is 9868715 a multiple of 197?
True
Does 2973 divide 96399525?
True
Does 644 divide 71516366?
False
Does 1027 divide 48521642?
True
Is 84 a factor of 1152209874?
False
Is 35 a factor of 441340217?
False
Is 91 a factor of 752858754?
False
Is 318 a factor of 291878427?
False
Does 4 divide 1731465?
False
Is 13 a factor of 51373426?
True
Does 13 divide 299575172?
True
Is 1760291 a multiple of 7?
False
Does 1149 divide 83386663?
False
Is 300 a factor of 4314310?
False
Is 39 a factor of 136103253?
True
Is 38610708 even?
True
Is 76 a factor of 136617752?
True
Does 4 divide 52382490?
False
Is 457 a factor of 450282284?
False
Is 1745548393 a multiple of 172?
False
Is 36 a factor of 4987764?
True
Does 2501 div